digit of k?
1
Let z(l) = -15*l**2 + 8*l - 9*l - l**3 - 12 + 0*l**3 - l. What is the units digit of z(-15)?
8
Let u be -4*(-2)/(6 + -2). Suppose -3*b = 5*c - 46, 5*c + u*b - 41 = 8. What is the units digit of c?
1
Let t be 1/(1/(-2)) - 2. Let s be t/12 - (-44)/6. Suppose w - s = -0*w. What is the units digit of w?
7
Let f(c) = c**2 + 10*c - 10. What is the tens digit of f(5)?
6
Let u = -68 + 95. Let h = 39 - u. What is the tens digit of h?
1
Let y(k) = -k**2 - 22*k + 10. What is the units digit of y(-14)?
2
Let v(k) = -2*k**3 - 3*k**2 - 2*k + 2. Let c be v(-2). Suppose 3*j + c = 28. What is the units digit of j?
6
Let q(k) = -k**2 + 8*k - 3. Let j be q(7). Suppose 3*u + x - j = 0, 3*u = -4*x + 2 - 4. What is the units digit of u?
2
Let m(a) = a**2 - 10*a - 3. What is the tens digit of m(24)?
3
Suppose -186 = -4*u - 3*m, 3*u - 118 = -5*m + 16. What is the units digit of 20/(-6)*u/(-10)?
6
Let i(t) = 2*t**3 - 5*t**2 + 8*t - 24. What is the units digit of i(5)?
1
Suppose 20*l = 18*l + 200. What is the hundreds digit of l?
1
Let b = -25 - -47. What is the units digit of b?
2
Let w(q) = q**3 + 7*q**2 + 7*q + 8. Let l be w(-6). Suppose 3*a = l*a + 19. What is the units digit of a?
9
Suppose -2*c + 1 = -c. Let m be -3*(0 - 1 - c). Suppose -m - 15 = -3*z. What is the units digit of z?
7
Let v(x) = x**3 - 5*x**2 + 4*x + 4. Let h be v(4). Suppose -h*z = -9*z. Suppose q + q - 6 = z. What is the units digit of q?
3
Let t(i) = i**3 + i**2 - 2*i - 1. What is the hundreds digit of t(5)?
1
Let q be (-20)/6*(-168)/20. Suppose f + f = -q. What is the units digit of f/(-5)*(-35)/(-7)?
4
Let a(s) = s**2 + 13*s - 2. Let y be a(-6). Let v be 2/4 + 37/(-2). What is the units digit of 6/v + y/(-6)?
7
Let h = -21 + 30. Let y = -2 + h. What is the units digit of y?
7
Let d(u) = u**3 - 2*u**2 + u - 1. Let i(g) = 5*g - 1. Let v be i(-1). Let x be (-4)/v - (-28)/12. What is the tens digit of d(x)?
1
What is the units digit of (3 - 1 - -96) + 0/7?
8
Let h(i) = 2*i. Let o be (-4)/10 - (-81)/15. What is the units digit of h(o)?
0
Suppose -3*v + 11 - 29 = 0. Let l = v - -11. What is the units digit of l?
5
Let w be ((-6)/5)/(2/10). Let k(r) = r**2 + 5*r + 7. What is the tens digit of k(w)?
1
Suppose 2*u = -4*d + 37 + 35, 3*u - 72 = -4*d. Let j = d - 7. What is the units digit of j?
1
Let r(c) = c**2 + 8*c + 11. What is the tens digit of r(-8)?
1
Let d be ((-1)/3)/((-4)/60). Suppose -71 = -2*m + d*l, -5*m - l - l = -105. What is the units digit of m?
3
Let k be 2 - 2*(-3)/(-3). Let w(y) = 2 - y**3 + 2*y + 3*y**2 + k*y**3 + 2*y. What is the tens digit of w(-2)?
1
Let s(h) = 11*h**2 + 2*h - 3. What is the units digit of s(2)?
5
Let o = -25 + 62. What is the tens digit of o?
3
Let t = 2 + -16. Let l = t + 32. What is the tens digit of l?
1
Suppose -2*j - 2*j = -16. Let i be (j/(-2))/(-2 - -1). Suppose -s + 0*u + i = -2*u, 3*s = 2*u + 18. What is the units digit of s?
8
Suppose 11*g - 6*g = 175. Suppose -g = -b + 8. What is the units digit of b?
3
Let f = -7 + 10. Let a = f + 6. What is the units digit of a?
9
Let k(t) be the second derivative of t**4/6 - t**3/3 - 3*t**2/2 + 3*t. Let a = 0 - -3. What is the units digit of k(a)?
9
Suppose h + 10 = 3*x, -6 = 2*h + 2. Suppose -2 = -5*s + 2*y + x, 4*s = y + 5. What is the units digit of s?
2
Suppose 5*c - 108 - 2 = 3*o, 5*c + 4*o - 75 = 0. Let a = 36 - c. What is the units digit of a?
7
Let b = -111 + 191. Let l(q) = q**2 + q + 3. Let g be l(-4). What is the units digit of (b/g)/(2/3)?
8
Suppose 0*z + 5*z - 30 = -4*n, -2*z + 24 = 4*n. Suppose 2*t - j + 4 = -3*j, -10 = -3*t + 5*j. Let a = t + n. What is the units digit of a?
5
Suppose 0 = -2*r, 2*r = 4*x + r - 1008. Suppose 5*t = x + 168. Suppose -t = -5*m + m. What is the units digit of m?
1
Let s = 72 + 32. What is the tens digit of s?
0
Let u = 19 + -14. What is the units digit of u?
5
Suppose t - 791 = -4*y + 197, 5*t - 266 = -y. What is the hundreds digit of y?
2
Suppose 0 = 5*f - 0*f - 60. What is the units digit of ((-10)/6)/((-2)/f)?
0
What is the units digit of (-3 - (-1 + 15))*-1?
7
Suppose 0 = -i + 1 + 5. Let z = i + -4. Suppose -g = z*g - 27. What is the units digit of g?
9
Suppose -7*i - 258 = -10*i. What is the tens digit of i?
8
Let p(b) = 2*b**2 + b + 2. Let k be p(-2). Suppose 4*y - 4 = k. Suppose 3*u - 7 = -2*x - 2, 0 = -5*x + y*u + 23. What is the units digit of x?
4
Let g be -1 - 1/((-2)/12). Suppose -3*f + g*f = 10. What is the units digit of f?
5
Let f = 2 + 2. Suppose -f*v + 4*d = -44, 0 = v + 2*d - 7*d - 23. What is the units digit of v?
8
Suppose 4*g + 2*z - 442 = 0, -325 = -0*g - 3*g + 5*z. What is the tens digit of g?
1
Let l = -29 + 40. What is the tens digit of l?
1
Suppose -3*f = -6, -2*a + 3*a - 3*f = 4. Suppose 0*m - 3*m = -4*l - 52, a = 5*l. What is the tens digit of m?
2
Let c be (-6)/2*(0 - -1). Suppose -2*p + 0*p - 22 = 3*i, 0 = -4*p - 5*i - 44. Let y = c - p. What is the units digit of y?
8
Suppose 754 - 2318 = -4*c. What is the tens digit of c?
9
What is the tens digit of 45 + -7 - (-5 - -2)?
4
Let z = 0 - -3. Suppose -l = -4 + z. Let k(w) = 3*w + 1. What is the units digit of k(l)?
4
Suppose -10*m - 3*m + 1586 = 0. What is the units digit of m?
2
Let i be 3 - (-3 - -3) - -1. Suppose -i*z + 72 = 5*g, -2*g + 3*g - 2*z - 6 = 0. Suppose -4*o + 5*o = g. What is the tens digit of o?
1
Let a = -2 - -4. Suppose 2*j - 2 - a = 0. Suppose j*d + 0 - 8 = 0. What is the units digit of d?
4
Let d(r) = -r**2 + r + 2. Let k be d(0). Suppose 2*g = -k*g. Suppose g = -4*a + 67 + 9. What is the units digit of a?
9
Suppose 3*k = -1 + 13. Let r be ((-15)/10)/(3/k). What is the units digit of r/5 + (-74)/(-10)?
7
Let b be (6 + 2)*(-15)/12. What is the units digit of (8/b)/(6/(-45))?
6
Let p be ((-2)/2)/((-2)/80). Suppose 2*f = -2*f + p. Suppose 5*l - f = 0, -2*j + 1 = 5*l - 19. What is the units digit of j?
5
Let c(v) = -6*v - 25. Suppose 2*i + y + 47 = -3*i, -y = -3. What is the units digit of c(i)?
5
Let w(r) = -r**2 - 2*r. Let p be w(-3). Let c = p + 9. Let s = 5 + c. What is the tens digit of s?
1
Let x(h) = 11*h**3 - h**2 + h - 1. Let y be x(1). Let n = 17 - y. Suppose 0*i - n = -i. What is the units digit of i?
7
Suppose 0 = -3*v - v + 4. Let k = v + 9. What is the tens digit of k?
1
Let p = -280 - -532. What is the hundreds digit of p?
2
Suppose -3*a + 25 + 1 = 4*w, -4*a - w + 13 = 0. Suppose 2*y + a*y = 4*j - 8, 0 = -5*y - 5. Let o = 5 - j. What is the units digit of o?
4
Suppose c = 2 - 0. Suppose 3*u - 10 = c. Suppose u*y - 8 = 2*w, 2*y + 1 + 3 = 5*w. What is the units digit of y?
3
Suppose 3*h + 370 = 5*s - 26, -2*s - 3*h = -150. What is the units digit of s?
8
Let v = 249 + -20. What is the tens digit of v?
2
Suppose 95 - 13 = 2*x + 2*k, 0 = 2*x - 5*k - 96. What is the units digit of x?
3
Let d(n) = n + 4. What is the units digit of d(-3)?
1
Let p(l) = l**2 - 5*l + 7. What is the units digit of p(9)?
3
Let q be (-1 - (3 + -1)) + -3. Let v(f) = f**2 - 4. What is the units digit of v(q)?
2
Let p = -324 - -514. What is the units digit of p?
0
Let s be (2 - (-2 - -2))/2. Let u be 6/4*(-8)/(-6). What is the units digit of s - -1 - (-12)/u?
8
Suppose 159 = 2*t + 47. Suppose -6*j + t = -2*j. Suppose 70 = 5*r - 2*u + 5*u, -r + j = 4*u. What is the units digit of r?
4
Let d be -2 + 0 + 6 + 1. Let i(x) = -x**2 + 4*x + 6. Let r be i(d). Suppose r = 3*t - 8. What is the units digit of t?
3
Let i be (1 - 1)*(2 - 1). Suppose 0 = 6*l - l + 4*t - 23, 4*l = -3*t + 18. Suppose i = l*h - 9 - 15. What is the units digit of h?
8
Let s(x) = -x**3 + x**2 + x + 1. Let q(r) = -3*r**3 + 9*r**2 + r + 9. Let w(j) = q(j) - 4*s(j). What is the units digit of w(-4)?
3
Let x be 1/4*-2*18. Let c = 11 - x. What is the units digit of c?
0
Let g be 1/(-1 + (-14)/(-12)). Let q be g - 0 - (-3)/(-3). Suppose -q*u + 7 = -4*u. What is the units digit of u?
7
Let p(g) = -g**2 + 5*g. Let f be p(5). Suppose 5*z - 41 = 4*z. Suppose -2*k + 8 = f, -5*k - 11 = 2*m - z. What is the units digit of m?
5
Let x(m) = -2*m + m - m + 2. Let w be x(-5). What is the units digit of (-1*2)/((-8)/w)?
3
Let y(x) = x + 4. Let r be y(-12). Let s(t) = -t**3 + 4*t**2 + 3*t + 3. Let w be s(5). Let z = w - r. What is the units digit of z?
1
Let j = -6 + 7. What is the tens digit of (-4)/(-4) + j - -9?
1
Let t(q) = -q + 10